{"id":284,"date":"2025-12-11T12:34:10","date_gmt":"2025-12-11T12:34:10","guid":{"rendered":"https:\/\/novy.leed.cz\/?page_id=284"},"modified":"2026-02-12T15:32:06","modified_gmt":"2026-02-12T15:32:06","slug":"koncept-e-e-e","status":"publish","type":"page","link":"https:\/\/leed.cz\/index.php\/koncept-e-e-e\/","title":{"rendered":"Koncept E\u2011E-E"},"content":{"rendered":"\t\t<div data-elementor-type=\"wp-page\" data-elementor-id=\"284\" class=\"elementor elementor-284\">\n\t\t\t\t<div class=\"elementor-element elementor-element-56a99ccb e-flex e-con-boxed e-con e-parent\" data-id=\"56a99ccb\" data-element_type=\"container\" data-e-type=\"container\" data-settings=\"{&quot;background_background&quot;:&quot;classic&quot;}\">\n\t\t\t\t\t<div class=\"e-con-inner\">\n\t\t\t\t<div class=\"elementor-element elementor-element-2fb92cf elementor-widget elementor-widget-heading\" data-id=\"2fb92cf\" data-element_type=\"widget\" data-e-type=\"widget\" data-widget_type=\"heading.default\">\n\t\t\t\t\t<h1 class=\"elementor-heading-title elementor-size-default\">Koncept E\u2011E-E<\/h1>\t\t\t\t<\/div>\n\t\t\t\t\t<\/div>\n\t\t\t\t<\/div>\n\t\t<div class=\"elementor-element elementor-element-74ea079d e-flex e-con-boxed e-con e-parent\" data-id=\"74ea079d\" data-element_type=\"container\" data-e-type=\"container\">\n\t\t\t\t\t<div class=\"e-con-inner\">\n\t\t<div class=\"elementor-element elementor-element-3358a271 e-con-full e-flex e-con e-child\" data-id=\"3358a271\" data-element_type=\"container\" data-e-type=\"container\">\n\t\t\t\t<div class=\"elementor-element elementor-element-3be574f8 elementor-widget elementor-widget-image\" data-id=\"3be574f8\" data-element_type=\"widget\" data-e-type=\"widget\" data-widget_type=\"image.default\">\n\t\t\t\t\t\t\t\t\t\t\t\t\t\t\t<img fetchpriority=\"high\" decoding=\"async\" width=\"1024\" height=\"727\" src=\"https:\/\/leed.cz\/wp-content\/uploads\/2025\/11\/Koncept-E3-1024x727.jpg\" class=\"attachment-large size-large wp-image-113\" alt srcset=\"https:\/\/leed.cz\/wp-content\/uploads\/2025\/11\/Koncept-E3-1024x727.jpg 1024w, https:\/\/leed.cz\/wp-content\/uploads\/2025\/11\/Koncept-E3-300x213.jpg 300w, https:\/\/leed.cz\/wp-content\/uploads\/2025\/11\/Koncept-E3-768x545.jpg 768w, https:\/\/leed.cz\/wp-content\/uploads\/2025\/11\/Koncept-E3.jpg 1034w\" sizes=\"(max-width: 1024px) 100vw, 1024px\">\t\t\t\t\t\t\t\t\t\t\t\t\t\t\t<\/div>\n\t\t\t\t<\/div>\n\t\t<div class=\"elementor-element elementor-element-2adb5b37 e-con-full e-flex e-con e-child\" data-id=\"2adb5b37\" data-element_type=\"container\" data-e-type=\"container\">\n\t\t\t\t<div class=\"elementor-element elementor-element-55b89b43 elementor-widget elementor-widget-heading\" data-id=\"55b89b43\" data-element_type=\"widget\" data-e-type=\"widget\" data-widget_type=\"heading.default\">\n\t\t\t\t\t<h2 class=\"elementor-heading-title elementor-size-default\">Koncept E\u2011E-E \u2013 t\u00e9\u017e pro LEED IPc1; BREEAM MAN01; DGNB PRO1.3<\/h2>\t\t\t\t<\/div>\n\t\t\t\t<div class=\"elementor-element elementor-element-2dc6a870 elementor-widget elementor-widget-text-editor\" data-id=\"2dc6a870\" data-element_type=\"widget\" data-e-type=\"widget\" data-widget_type=\"text-editor.default\">\n\t\t\t\t\t\t\t\t\t<p>Jed\u00adn\u00e1 se o&nbsp;kon\u00adcep\u010dn\u00ed roz\u00advahu pro\u00adjek\u00adtu z&nbsp;hledis\u00adek Ener\u00adgeti\u00adka \u2013 Ekonomi\u00adka \u2013 Envi\u00adron\u00adment v&nbsp;dob\u011b architek\u00adton\u00adick\u00e9 f\u00e1ze pro min\u00adi\u00admal\u00adizaci ener\u00adget\u00adick\u00e9 n\u00e1ro\u010dnos\u00adti a&nbsp;eko\u00adlog\u00adick\u00ad\u00e9ho dopadu provozu budovy. V\u0161e za opti\u00adm\u00e1l\u00adn\u00edho nas\u00adtaven\u00ed investi\u010dn\u00edch ver\u00adsus provozn\u00edch n\u00e1k\u00adlad\u016f. V\u00fdsled\u00adkem je opti\u00admal\u00adi\u00adzo\u00advan\u00fd tvar, ori\u00aden\u00adtace, st\u00edn\u011bn\u00ed budovy, vyu\u017eit\u00ed den\u00adn\u00edho sv\u011bt\u00adla a&nbsp;efek\u00adtu p\u0159irozen\u00e9ho v\u011btr\u00e1n\u00ed ste\u00adjn\u011b jako vysoce \u00fa\u010din\u00adn\u00e9 tech\u00adnolo\u00adgie vyt\u00e1p\u011bn\u00ed, p\u0159\u00edpravy tepl\u00e9 vody, v\u011btr\u00e1n\u00ed, chlazen\u00ed, osv\u011btlen\u00ed a&nbsp;inteligent\u00adn\u00ed \u0159\u00edzen\u00ed.<\/p><p>Kon\u00adcept je smyslu\u00adpln\u00e9 zpra\u00adco\u00adv\u00adat pro ka\u017e\u00addou novou budovu nebo v\u00fdz\u00adnam\u00adnou rekon\u00adstruk\u00adci. Lze vyu\u017e\u00edt t\u00e9\u017e pro cer\u00adti\u00adfika\u010dn\u00ed sys\u00adt\u00e9my a&nbsp;architek\u00adton\u00adick\u00e9 sout\u011b\u017ee.<\/p>\t\t\t\t\t\t\t\t<\/div>\n\t\t\t\t<\/div>\n\t\t\t\t\t<\/div>\n\t\t\t\t<\/div>\n\t\t<div class=\"elementor-element elementor-element-264b3b4c e-flex e-con-boxed e-con e-parent\" data-id=\"264b3b4c\" data-element_type=\"container\" data-e-type=\"container\" data-settings=\"{&quot;background_background&quot;:&quot;classic&quot;}\">\n\t\t\t\t\t<div class=\"e-con-inner\">\n\t\t<div class=\"elementor-element elementor-element-487bbadf e-con-full e-flex e-con e-child\" data-id=\"487bbadf\" data-element_type=\"container\" data-e-type=\"container\">\n\t\t\t\t<div class=\"elementor-element elementor-element-505a3370 elementor-widget elementor-widget-heading\" data-id=\"505a3370\" data-element_type=\"widget\" data-e-type=\"widget\" data-widget_type=\"heading.default\">\n\t\t\t\t\t<h2 class=\"elementor-heading-title elementor-size-default\">M\u00e1te z\u00e1jem o&nbsp;na\u0161e slu\u017eby?<\/h2>\t\t\t\t<\/div>\n\t\t\t\t<div class=\"elementor-element elementor-element-7afdf077 elementor-widget elementor-widget-text-editor\" data-id=\"7afdf077\" data-element_type=\"widget\" data-e-type=\"widget\" data-widget_type=\"text-editor.default\">\n\t\t\t\t\t\t\t\t\t<p>Napi\u0161te n\u00e1m nebo zav\u00adole\u00adjte, r\u00e1di V\u00e1m pom\u016f\u017eeme.<\/p>\t\t\t\t\t\t\t\t<\/div>\n\t\t\t\t<div class=\"elementor-element elementor-element-730fb6e0 elementor-widget__width-auto elementor-align-center elementor-widget elementor-widget-button\" data-id=\"730fb6e0\" data-element_type=\"widget\" data-e-type=\"widget\" data-widget_type=\"button.default\">\n\t\t\t\t\t\t\t\t\t\t<a class=\"elementor-button elementor-button-link elementor-size-sm elementor-animation-grow\" href=\"https:\/\/ekowatt.cz\/index.php\/kontakt\/\" target=\"_blank\">\n\t\t\t\t\t\t<span class=\"elementor-button-content-wrapper\">\n\t\t\t\t\t\t\t\t\t<span class=\"elementor-button-text\">Kon\u00adtak\u00adtu\u00adjte&nbsp;n\u00e1s<\/span>\n\t\t\t\t\t<\/span>\n\t\t\t\t\t<\/a>\n\t\t\t\t\t\t\t\t<\/div>\n\t\t\t\t<\/div>\n\t\t\t\t\t<\/div>\n\t\t\t\t<\/div>\n\t\t\t\t<\/div>\n\t\t","protected":false},"excerpt":{"rendered":"<p>Kon\u00adcept E\u2011E\u2011E Kon\u00adcept E\u2011E\u2011E \u2013 t\u00e9\u017e pro LEED IPc1; BREEAM MAN01; DGNB PRO1.3 Jed\u00adn\u00e1 se o&nbsp;kon\u00adcep\u010dn\u00ed roz\u00advahu pro\u00adjek\u00adtu z&nbsp;hledis\u00adek Energetika&nbsp;[\u2026]<\/p>\n","protected":false},"author":1,"featured_media":0,"parent":0,"menu_order":0,"comment_status":"closed","ping_status":"closed","template":"","meta":{"wp_typography_post_enhancements_disabled":false,"site-sidebar-layout":"no-sidebar","site-content-layout":"","ast-site-content-layout":"full-width-container","site-content-style":"default","site-sidebar-style":"default","ast-global-header-display":"","ast-banner-title-visibility":"","ast-main-header-display":"","ast-hfb-above-header-display":"","ast-hfb-below-header-display":"","ast-hfb-mobile-header-display":"","site-post-title":"","ast-breadcrumbs-content":"","ast-featured-img":"disabled","footer-sml-layout":"","ast-disable-related-posts":"","theme-transparent-header-meta":"","adv-header-id-meta":"","stick-header-meta":"","header-above-stick-meta":"","header-main-stick-meta":"","header-below-stick-meta":"","astra-migrate-meta-layouts":"default","ast-page-background-enabled":"default","ast-page-background-meta":{"desktop":{"background-color":"var(--ast-global-color-5)","background-image":"","background-repeat":"repeat","background-position":"center center","background-size":"auto","background-attachment":"scroll","background-type":"","background-media":"","overlay-type":"","overlay-color":"","overlay-opacity":"","overlay-gradient":""},"tablet":{"background-color":"","background-image":"","background-repeat":"repeat","background-position":"center center","background-size":"auto","background-attachment":"scroll","background-type":"","background-media":"","overlay-type":"","overlay-color":"","overlay-opacity":"","overlay-gradient":""},"mobile":{"background-color":"","background-image":"","background-repeat":"repeat","background-position":"center center","background-size":"auto","background-attachment":"scroll","background-type":"","background-media":"","overlay-type":"","overlay-color":"","overlay-opacity":"","overlay-gradient":""}},"ast-content-background-meta":{"desktop":{"background-color":"var(--ast-global-color-4)","background-image":"","background-repeat":"repeat","background-position":"center center","background-size":"auto","background-attachment":"scroll","background-type":"","background-media":"","overlay-type":"","overlay-color":"","overlay-opacity":"","overlay-gradient":""},"tablet":{"background-color":"var(--ast-global-color-4)","background-image":"","background-repeat":"repeat","background-position":"center center","background-size":"auto","background-attachment":"scroll","background-type":"","background-media":"","overlay-type":"","overlay-color":"","overlay-opacity":"","overlay-gradient":""},"mobile":{"background-color":"var(--ast-global-color-4)","background-image":"","background-repeat":"repeat","background-position":"center center","background-size":"auto","background-attachment":"scroll","background-type":"","background-media":"","overlay-type":"","overlay-color":"","overlay-opacity":"","overlay-gradient":""}},"footnotes":""},"class_list":["post-284","page","type-page","status-publish","hentry"],"_links":{"self":[{"href":"https:\/\/leed.cz\/index.php\/wp-json\/wp\/v2\/pages\/284","targetHints":{"allow":["GET"]}}],"collection":[{"href":"https:\/\/leed.cz\/index.php\/wp-json\/wp\/v2\/pages"}],"about":[{"href":"https:\/\/leed.cz\/index.php\/wp-json\/wp\/v2\/types\/page"}],"author":[{"embeddable":true,"href":"https:\/\/leed.cz\/index.php\/wp-json\/wp\/v2\/users\/1"}],"replies":[{"embeddable":true,"href":"https:\/\/leed.cz\/index.php\/wp-json\/wp\/v2\/comments?post=284"}],"version-history":[{"count":7,"href":"https:\/\/leed.cz\/index.php\/wp-json\/wp\/v2\/pages\/284\/revisions"}],"predecessor-version":[{"id":725,"href":"https:\/\/leed.cz\/index.php\/wp-json\/wp\/v2\/pages\/284\/revisions\/725"}],"wp:attachment":[{"href":"https:\/\/leed.cz\/index.php\/wp-json\/wp\/v2\/media?parent=284"}],"curies":[{"name":"wp","href":"https:\/\/api.w.org\/{rel}","templated":true}]}}